alculate u(f).
7
Let a be (14/(-8))/((1/4)/(-1)). Let d(w) = 3*w - 15. Let v be d(a). Let y(u) be the first derivative of u**3/3 - 9*u**2/2 + 6*u - 1. Calculate y(v).
-12
Let b(x) = x**3 - 3*x**2 + 4*x + 3. Let q(v) = -v**3 + 3*v**2 - 5*v - 3. Let t(p) = -5*b(p) - 4*q(p). Let z be 1/12*4 + (-16)/(-6). Give t(z).
-3
Suppose 3*q - 26 = 28. Suppose -5*i + 2*i = q. Let t(n) = -2*n. Let x(p) = 17*p + 2. Let v(m) = -24*t(m) - 3*x(m). Give v(i).
12
Let v(w) = 2*w + 6 - 3 - w**2 - 6. Suppose 3*n - 10 = o, 2*n = 14 - 4. What is v(o)?
-18
Suppose 2 = 2*p, -i + p + 4 = -1. Let j be (i/5)/(12/(-40)). Let h(f) = f**2 + 3*f + 1. Determine h(j).
5
Suppose 0 = 7*z - 17 - 46. Let u(a) = a + 5. Determine u(z).
14
Let n(r) = -r**3 - 2*r**2 + 3*r - 4. Let a be n(-3). Let j(z) = 3*z - 490*z**3 + 342*z**3 + 147*z**3 - 3*z**2. What is j(a)?
4
Let q(c) be the third derivative of -c**9/60480 - c**8/20160 + c**7/1260 - 4*c**5/15 - 15*c**2. Let i(l) be the third derivative of q(l). Give i(-3).
6
Let f(a) = -4*a**3 - 6*a**2 + 5*a. Let p(m) = -5*m**3 - 6*m**2 + 6*m + 1. Let t(i) = -4*f(i) + 3*p(i). Let l = -52 + 46. Give t(l).
15
Let b(p) be the third derivative of p**7/1260 + p**6/720 + p**5/30 + 9*p**2. Let c(a) be the third derivative of b(a). Give c(-1).
-3
Let p(l) = -l**3 - l**2 - l - 1. Let j(d) = 15*d**3 - d**2. Suppose 0 = x - 2*r - 2*r + 11, 3*x + 2*r = 9. Let h be j(x). Let i = h + -16. Calculate p(i).
5
Let q be 3/6*10 + 1. Let y be (5 + -6)/((-3)/q). Let k(z) = -5*z - 2 + 3 + 4*z**y + 1 + z**3 + 0*z. Determine k(-5).
2
Let p(o) = -o - 1. Let l(c) = 5*c + 4. Let j(k) = l(k) + 6*p(k). Let q(d) be the first derivative of -d**3/3 - 9*d**2/2 - 14*d - 2. Let m be q(-7). Give j(m).
-2
Let d = 76 - 74. Suppose -4*u - 9 = j, 0 = -4*u - d*j - 7 - 7. Let w(a) = 6*a**3 - 2*a**2 - 2*a - 1. What is w(u)?
-7
Let s(x) = -40*x - 29. Let g(k) = -9*k - 7. Let o(l) = -9*g(l) + 2*s(l). Determine o(6).
11
Let c(j) = -j + 9. Let g be ((-4)/10)/((-1)/(-10)). Let r be ((-1)/(-1))/(-1 + 6/12). Let u be (2 + 12)*r/g. Calculate c(u).
2
Let g(l) be the third derivative of l**6/120 - 11*l**5/60 + l**4/24 - 5*l**3/2 - 3*l**2 + 97. Determine g(11).
-4
Let w(r) be the second derivative of 7*r - 1/12*r**4 + 0*r**3 + 2*r**2 + 0. Give w(0).
4
Suppose 0 = -g - 4 + 8. Suppose a + 2*a + 2 = 2*n, 2*n = g*a. Suppose -4*v + y = 3, 3*v + 2*y = 4 + a. Let k(r) = r**2 - 1. Calculate k(v).
-1
Let n(b) be the second derivative of -b**4/12 + 2*b**3/3 + 7*b**2/2 + 8*b + 1. What is n(6)?
-5
Let o be (8/12)/((-2)/84). Let s be (2/2)/((-14)/o). Let k(a) = 0*a + 14 + 7 + s*a - 26. Determine k(6).
7
Let m(k) = 13 + 3*k + 5*k**2 - 6*k**2 - 12*k. What is m(-10)?
3
Suppose 16 + 34 = 5*a - 5*j, 0 = 2*a + 3*j + 5. Let b(v) = -131*v - 3 - v**2 - a + 136*v. Let x be b(4). Let u(k) = 4*k + 4. What is u(x)?
-12
Let b(i) = -12*i**2 + i. Let o be (-4)/(-8) + (-10)/(-20). Calculate b(o).
-11
Let x be (0 - 65/(-20)) + 1/(-4). Let n(y) = -7*y + 15. Determine n(x).
-6
Let g(w) = 3*w - 1. Suppose 0 = 3*h - 1 - 2. Let i be 14/7 + -8*h. Calculate g(i).
-19
Let t = -21 + 18. Let n be 1*(3/t - -5). Let o(k) = 4*k**3 - k**2 + k - 14. Let f(u) = -5*u**3 + u**2 - u + 14. Let l(z) = n*o(z) + 3*f(z). Determine l(0).
-14
Let u(z) = -z**2 + 6*z + 3. Let k(t) = 2*t + 15. Let n be k(15). Let c = 51 - n. Give u(c).
3
Let t(j) = -j**2 + 6*j - 4. Let b = -1 + -3. Let z be -1 - (11 - 2)/(-3). Let i be b/12*(-36)/z. Calculate t(i).
-4
Let n(x) = -9*x**2 - x. Let l be n(-1). Let s(f) be the third derivative of -f**6/120 - 2*f**5/15 + f**4/24 + f**3/2 + 1051*f**2. Determine s(l).
-5
Let d be (-5 - -9) + -1 + -6. Let o be -3 - (0/(-1))/d. Let s(j) = 6*j + 3. What is s(o)?
-15
Let v be (-12)/(-30) + 523/5. Let c be v/25 + (-1)/5. Let d(f) = 6*f**2 - c*f**2 - f - 2 - 1 - 1. Calculate d(3).
11
Let d(f) = -f + 9. Let w(u) = 2*u - 31. Let i(r) = 3*d(r) + w(r). What is i(-3)?
-1
Let b(n) = 4*n. Suppose 4 = 67*i - 65*i. Give b(i).
8
Suppose 3*m - 7 = -1. Let h be (-63)/(-6) + m/(-4). Let p(u) = -u**3 + 9*u**2 + 10*u + 4. Let l be p(h). Let i(q) = -q**3 + 5*q**2 - 5*q. What is i(l)?
-4
Let v(j) = 3*j**3 - 3*j**2 + 3*j - 1. Suppose 8*u - 62 + 46 = 0. Calculate v(u).
17
Let r(h) be the first derivative of h**2/2 - 16*h + 90. Determine r(7).
-9
Let o(p) be the first derivative of -7/3*p**3 + p**2 + p + 2. Let g = -296 + 295. Calculate o(g).
-8
Suppose -s + 5 + 0 = 0. Suppose s*i = 7*i + 4. Let g(m) = -m**2 + m + 1. What is g(i)?
-5
Let d = -5 - -6. Let f(i) = 3 - i + 0 - d. Calculate f(5).
-3
Suppose 0 = 5*w - 4*i - 40, -3*i = -i + 10. Let z(d) be the second derivative of d**5/20 - 5*d**4/12 + 7*d**3/6 - 3*d**2 + d. What is z(w)?
6
Let f be 2*((-18)/(-12) - -2). Let o(c) = f*c**2 + c + c**3 + 5*c - 6 + 10. Calculate o(-6).
4
Let j(l) = 2*l**2 + l - 4 + 2*l**2 - 3*l**2 + 0*l**2 - l**3. Let o(f) = 2*f**3 - 3*f**2 + 2. Let s be o(2). Suppose s*d - 3*d = 0. Calculate j(d).
-4
Suppose 43*h = -s + 40*h - 24, 0 = 4*s + 2*h + 46. Let r(f) = f**3 + 9*f**2 - 2*f - 17. Determine r(s).
1
Let r(k) = k - 412 - 2*k + 413 - k. Suppose -1 = -3*s + 2*d - 6*d, 0 = -2*s - 5*d + 3. Calculate r(s).
3
Let m(v) be the first derivative of -v**5/60 + v**4/24 - v**3/2 + v**2/2 - 6. Let d(b) be the second derivative of m(b). Determine d(-3).
-15
Suppose -16*q - 3 = -13*q. Let g(h) = 26*h**3 + 8*h**2 + 14*h - 5. Let l(d) = 17*d**3 + 5*d**2 + 9*d - 3. Let z(v) = -5*g(v) + 8*l(v). What is z(q)?
-7
Suppose 3*g = 4*g - 1. Suppose 5*j + 4*y + 0 = g, -3*y = -12. Let v(z) = 3*z**2 + 2*z - 1. Give v(j).
20
Let a(i) = -i**3 - 4*i**2 + 7*i + 4. Let m(h) = h**3 - 26*h**2 + 26*h - 30. Let u(f) = -2*f - 15. Let p be u(-20). Let t be m(p). Determine a(t).
-6
Let h(x) = x**2 + 2*x + 26. Let o(r) = 2*r**2 + 5*r + 34. Let d(g) = 5*h(g) - 3*o(g). Calculate d(-9).
-8
Let i(l) = -l**3 - 2*l**2 + 2*l + 1. Suppose 4*y + y = 10. Let g(h) = 1 - 4 + 4 - y*h. Let k be g(2). What is i(k)?
4
Let n(u) = -24066*u - 3 + 12012*u + 12048*u. Suppose 4*r + 15 = -1. What is n(r)?
21
Let r be (-1 + -1)/(2/(-8)). Let q be (-7 + 11)*(-26)/r. Let i = q + 12. Let b(a) = 3*a**2 - 2*a - 1. Give b(i).
4
Let t = 5 + -3. Let w(q) = 2*q**t + 2*q - 2*q - 2. Let s = -837 - -839. Calculate w(s).
6
Let o be (42 - 4) + -1 + 0. Let k = o + -31. Let g(s) = -s**2 + 7*s - 5. Calculate g(k).
1
Let f(y) = -12 - 18*y + 5*y + y + 3*y + 10*y. What is f(7)?
-5
Suppose -3*t - 93 - 33 = 0. Let n = t + 45. Let x(j) = -j**3 + 2*j**2 + j - 1. What is x(n)?
-7
Suppose q - 4 = -3*q. Let b be 95/(-10)*(q - -1). Let r = b - -14. Let j(h) = -h**3 - 5*h**2 + 3*h + 7. Calculate j(r).
-8
Let x be (24/9)/((-5)/(-585)). Let s be (-2)/(-9) - x/(-54). Let o(p) = 3*p**2 + 7*p - 9. Let m(j) = 5*j**2 + 14*j - 17. Let g(k) = -4*m(k) + 7*o(k). Give g(s).
-1
Suppose -3*b + 0*b + z + 14 = 0, -4 = -4*z. Let o(i) = 3*i - 21*i + 16*i + 3*i - 3. Give o(b).
2
Let a(j) be the third derivative of 0*j - 3/2*j**3 - 1/60*j**5 + 1/3*j**4 + 0 + 3*j**2. Suppose 5*x = 4*n - 20 - 19, -4*n + 2*x = -30. Calculate a(n).
3
Let b(k) = 3*k + 5*k + 12 - 4*k. Let o(f) = 3*f + 11. Let l be -5 - -7 - (5 + -1). Let m(n) = l*b(n) + 3*o(n). Give m(-7).
2
Let w(u) be the first derivative of 0*u - 4 - 2*u**2 + 1/24*u**4 - u**3. Let p(k) be the second derivative of w(k). Give p(6).
0
Let r = 1184 - 1183. Let m(c) = -5*c + c + 3*c - 6*c**2. Give m(r).
-7
Let l(r) = -2*r**2 - r + 4. Let i = 31 + -34. What is l(i)?
-11
Let l(z) = -z**3 + 6*z**2 - 3*z - 4. Let v = -11 + 21. Let k be 80/15 - (-1)/(-3). Suppose -k = d - v. Determine l(d).
6
Let v(d) = -8*d**2 + 28 - 32*d**2 + 41*d**2 + 15*d. Give v(-13).
2
Let g be 10/15 + 174/9. Let j(z) = -38*z**2 + g*z**2 - 11*z + 9 + 19*z**2. What is j(9)?
-9
Let a = 4 - 9. Let k(r) be the first derivative of r**4/4 + 2*r**3 + 2*r**2 - 3096. Give k(a).
5
Let c(h) be the third derivative of 0*h - 1/20*h**6 + 0 + 0*h**4 + 1/60*h**5 - 12*h**2 + 0*h**3. Calculate c(-1).
7
Let p(v) be the second derivative of -v**4/6 + 7*v**3/6 + v**2/2 + 26*v. Let g = 148 - 143. Determine p(g).
-14
Let l(j) be the third derivative of j**4/24 - 17*j**3/6 + 12*j**2. Let y be l(19). Let x(a) = -a. What is x(y)?
-2
Let t(d) be the third derivative of d**4/6 + d**3/2 - 32*d**2. Give t(3).
15
Let r be 4*3/36*0. Let t(j) be the first derivative of j**2/2 + j - 23. Give t(r).
1
Let r(w) = 3*w**